- 5*l = -3*c - 25. Calculate the remainder when c is divided by 9.
6
Suppose 228 = 4*d + 2*d. Calculate the remainder when d is divided by 13.
12
Suppose 2*t = 120 - 0. Suppose -x - 3*b = -35, 3*x - b - 175 = -t. What is the remainder when x is divided by 20?
18
Suppose 0 = 5*z + 10 + 20. Let w(n) = -6*n - 8. Let q be w(z). Suppose 3*x + x = q. Calculate the remainder when 20 is divided by x.
6
Suppose 7*o = 4*o + 9. What is the remainder when 5 is divided by o?
2
Suppose -4*v + 172 = -72. Calculate the remainder when v is divided by 21.
19
Suppose 0 = 3*i - 0*p - p - 15, -5*p = 0. Suppose i*r = r + 132. What is the remainder when r is divided by 17?
16
Let b(s) = -3*s + 4*s - 11 - 3*s - 6. Calculate the remainder when b(-12) is divided by 5.
2
Let h(d) = 31*d**3 - d**2. Let k(u) = 0 - 3 - 4 + 6 + u. Let z be k(2). What is the remainder when h(z) is divided by 16?
14
Let n = 249 - -123. Suppose 4*b + 2*g + 146 = 648, -n = -3*b + 3*g. Let h = -79 + b. What is the remainder when h is divided by 16?
14
Suppose 3*u = -3*t + u - 14, -t - 6 = u. Let x be 5 + (-1 - (t - -1)). Suppose x*z = 7 + 18. Calculate the remainder when z is divided by 2.
1
Calculate the remainder when 3/(-9) - 184/(-12) is divided by 6.
3
Calculate the remainder when 10 is divided by 2*(-1)/(8/(-28)).
3
Let r be -2 - (2 + (-38)/2). Suppose 0 = 2*c, 5*o + 2*c - 3*c - r = 0. Suppose 2*w = 5*z - 6 - 6, -o*w = z + 1. What is the remainder when 2 is divided by z?
0
Suppose 0 = -2*a - 22 + 64. What is the remainder when a is divided by 9?
3
Let n(i) = -i**3 + 5*i**2 - 2*i + 7. Let c be n(5). Let b = c + 8. What is the remainder when 12 is divided by b?
2
Let h(f) = 2*f - 5. Suppose 5*k - 16 - 19 = 0. Calculate the remainder when 26 is divided by h(k).
8
Let h = 8 + -12. Let s = -6 + 8. Calculate the remainder when 45 is divided by (-47)/(-2) + s/h.
22
Suppose -2*y - s = -5, 4 - 12 = -4*y - 4*s. Suppose 5*r - f - 22 = f, -3*r - 2*f = -26. What is the remainder when r is divided by y?
0
Suppose s = -2, -2*s = -3*q - 3 + 16. Suppose -18 = -q*d - 0*d. Calculate the remainder when d is divided by 3.
0
Suppose 0 = -3*i - 4*n + 21, 5*i = 3*n + 2*n. Suppose -i + 112 = z. Calculate the remainder when z is divided by 28.
25
Let k(y) = 8*y**2 + 2*y + 3. What is the remainder when k(-3) is divided by 80/14 + -6 + (-128)/(-7)?
15
Let c = -12 + 25. Calculate the remainder when 89 is divided by c.
11
Let q(n) = 4*n**2 - 8*n - 8. Let c be q(6). Let b = -53 + c. Let s(r) = 4*r - 2. Calculate the remainder when b is divided by s(5).
17
Let v = -19 + 4. Let f(z) = z**2 - 4*z + 4. What is the remainder when (-2 + v)*2/(-2) is divided by f(5)?
8
Let y(r) = 14*r**2 - r - 1. Suppose -2*t = t - 6. Calculate the remainder when y(t) is divided by 18.
17
Let r be (1 - 1)/(1*-2). Let h(m) = 38*m + 4. Let x be h(1). Suppose 0 = -2*t + 4*t + o - x, -3*o + 6 = r. Calculate the remainder when 38 is divided by t.
18
Let d(r) = -2*r + 2. What is the remainder when 3 is divided by d(0)?
1
Let p = 6 - 9. Let b be p/12 + (-362)/(-8). Suppose 2*o - b = 47. What is the remainder when o is divided by 16?
14
What is the remainder when (505/(-2))/5*(-4)/2 is divided by 26?
23
Let w = 155 + -335. Calculate the remainder when 35 is divided by ((-3)/9)/(5/w).
11
Let b(y) be the third derivative of -y**5/60 + 5*y**3/6 - 4*y**2. Suppose -3*v + 0*v = 0. Calculate the remainder when b(v) is divided by 2.
1
Suppose -3*z - 18 = -0*z + 3*s, z + 9 = -2*s. Let l(u) = 4*u**2. Suppose g = -3*m + 31, g + 3*g - m - 72 = 0. What is the remainder when l(z) is divided by g?
17
Calculate the remainder when (1 - -2) + 8 - 3 is divided by 4.
0
Let v(x) = -6*x - 4. Let r be v(-1). Let a(n) = -n**2 - 7*n - 5. Let o be a(-4). Let k = o + r. Calculate the remainder when k is divided by 5.
4
Suppose -l + 0*o + 4 = 3*o, 5*o - 3 = 2*l. What is the remainder when 1*(-2 + 1)*-1 is divided by l?
0
Let y be 2 - (-1 + 3 + -2). Suppose y*t - 13 = 13. What is the remainder when 36 is divided by t?
10
Let o = 54 - 7. Suppose 0 = -k - 0*k + 12. What is the remainder when o is divided by k?
11
Suppose 3*j = 2*z - 815, 4*z - 6*j + j = 1635. Suppose 0 = -4*v - v + z. What is the remainder when v is divided by 28?
27
Let m = 44 + -16. Calculate the remainder when 109 is divided by m.
25
Calculate the remainder when 23 is divided by ((-324)/8)/9*-2.
5
Let v be (-11)/((-4 + 3)/2). Let z = v - 6. What is the remainder when 63 is divided by z?
15
What is the remainder when 33 is divided by ((-36)/(-2))/(15/10)?
9
Let d(b) = 14*b. What is the remainder when (0/1)/4 + 25 is divided by d(1)?
11
Calculate the remainder when (4/(-6))/((-2)/30) is divided by (-6)/8 + 304/64.
2
Let n = -353 + 528. What is the remainder when n is divided by 22?
21
Calculate the remainder when (6/(-3))/(2/(-127)) is divided by 26.
23
Let i be 2*(-4)/8*-7. Let t = 4 - -1. Calculate the remainder when 484/28 - 2/i is divided by t.
2
Suppose -5*i - 3*t = -2*i - 30, 0 = -5*i + 2*t + 29. Calculate the remainder when i is divided by 3.
1
Let k(h) = h**2 - h - 2. Calculate the remainder when k(6) is divided by 15.
13
Suppose 3*w = -5*f + 137, -4*w = -3*f - w + 87. What is the remainder when 81 is divided by f?
25
Let g = 7 - 1. Calculate the remainder when g is divided by -6 + 5 + 2*3/2.
0
Suppose -q + 7*m + 26 = 8*m, 0 = 4*q - 2*m - 128. Calculate the remainder when q is divided by 13.
4
Suppose 3*z - 19 + 73 = 3*y, 4*y - 44 = -3*z. What is the remainder when 96 is divided by y?
12
Let t = 4 + 47. Suppose -4*y = -3*y - t. What is the remainder when y is divided by 2/(-9) - (-238)/18?
12
Suppose -2*r + 38 = 12. Let b be (-12)/10*5/(-2). Suppose -b + 19 = 3*m + x, 7 = 2*m - 3*x. What is the remainder when r is divided by m?
3
Suppose -140 = -4*u - 28. Let b = -2 - -12. Calculate the remainder when u is divided by b.
8
Suppose z - 7 = 2*o + 7, 3*z + o - 21 = 0. Calculate the remainder when 30 is divided by z.
6
Suppose -4*y + 2*t = 3 - 21, 5*t + 20 = 5*y. Calculate the remainder when 8 is divided by y.
3
Let w(s) = -2*s - 2. Let h(g) = -g + 19. What is the remainder when h(9) is divided by w(-4)?
4
Let w(n) = -n**2 + 9*n - 3. What is the remainder when 132 is divided by w(6)?
12
Suppose 3*n - 26 + 11 = 0. Let q(c) = 0 + 3*c**2 - 2 + 3*c + n. What is the remainder when 16 is divided by q(-2)?
7
Suppose 2*x + 3*x + 39 = l, -5*l + 79 = 4*x. What is the remainder when 69 is divided by l?
12
Let a(u) = 2*u**2 + 5*u - 7. What is the remainder when 173 is divided by a(-6)?
33
Let d = 29 + 5. Let m = 9 + -6. Suppose 6*u - m*u - n - 33 = 0, -4*n + 36 = 2*u. What is the remainder when d is divided by u?
10
Let c(h) = -h**2 - 6*h + 7. Let g(n) = 2*n**3 + n**2 - 2*n. Let t be g(-2). Let j be c(t). What is the remainder when 23 is divided by (j/18)/(2/(-48))?
11
Suppose 240 = 5*a - 160. Suppose a = -3*n + 5*n. Calculate the remainder when n is divided by 14.
12
Suppose -10*j = -13*j + 9. Suppose 5*f - 38 = -4*k, 7*k - 4*k - 18 = -2*f. What is the remainder when f is divided by j?
0
Let f be (14/(-7))/((-4)/22). What is the remainder when 39 is divided by (0/1 - 1) + f?
9
Let s(v) = v**3 - 9*v**2 - 6*v + 19. Calculate the remainder when s(10) is divided by 20.
19
Let u(a) = -8*a**3 - a**2 + 3*a + 1. Suppose -14*c = -17*c + 42. Calculate the remainder when u(-2) is divided by c.
13
Suppose 3 = -2*i + 3*i. Suppose 19 = 4*w + i. Suppose 3*g - 12 = 4*j - 175, -4*g - 164 = -w*j. Calculate the remainder when j is divided by 14.
12
Calculate the remainder when ((-27)/(-3) - -2) + 2/1 is divided by 3.
1
Suppose 0 = 2*i - 2*u, 2*u + 0 = 3*i - 2. Let b(f) = -4 + 3 - i*f + 0 + 10. Calculate the remainder when b(-7) is divided by 8.
7
Let d = 9 + 10. Suppose 9*o - 4*o - 160 = 3*r, -r = 0. Suppose 3*k = o - 11. Calculate the remainder when d is divided by k.
5
Let g = 29 + 1. What is the remainder when g is divided by 16?
14
Let a be 0/((-1 + 0)*-2). What is the remainder when (-8)/4 + (a - -25) is divided by 8?
7
Let d = 19 + -13. Calculate the remainder when (-1)/6 - 305/(-30) is divided by d.
4
Let b = 2 - 2. Suppose d = -b - 1. Let h(f) = -5*f - 1. Calculate the remainder when h(d) is divided by 2.
0
Let i(n) = 7*n - 1. Let q be ((-2)/5)/(1/(-5)). What is the remainder when 25 is divided by i(q)?
12
Let p = 147 + -72. Su